a**2 - 10*a + 3. Let r be s(-10). Let n(f) = r*l(f) - 5*h(f). Calculate n(-2).
2
Let l(n) = -10*n - 1. Let w(q) = 31*q + 433. Let x be w(-14). What is l(x)?
9
Let q(j) = 5*j + 1. Let n(h) = -29*h - 5. Let f(k) = n(k) + 6*q(k). Suppose -3 = -p + 4*v, -2*p - 2*v + 3 = -p. Calculate f(p).
4
Let b = 723 - 728. Let i(q) = -q - 7. Calculate i(b).
-2
Let x(b) = 2*b**2 + 8*b - 4. Suppose 3*u + 5 - 26 = 2*c, 0 = c + 2*u. Determine x(c).
20
Let o(h) = -h**3 - 2*h**2 + 2*h + 1. Suppose -4*t - 16 = 144. Let z = 37 + t. What is o(z)?
4
Let x(f) = f**3 - 8*f**2 + 8*f - 4. Let p be x(7). Suppose p*g = -2*g + 10. Let l(d) = -7*d + d**2 + g*d + 0*d - 8. Give l(7).
6
Let k(g) = -2*g**2 + 4*g. Let o(r) = r**2 - r. Suppose -39 = -10*j - 9. Let x(h) = j*o(h) + k(h). Let n = 6 + -7. Give x(n).
0
Let p(z) be the first derivative of -z**3/3 - 213. Calculate p(0).
0
Let j(u) = 8*u + 28*u**2 + 35*u**2 - 121*u**2 + 31*u**2 + 26*u**2 + 8. Let r(n) = -n**3 - 1. Let b be r(-2). Give j(b).
15
Suppose -3*n - 24*o - 4 = -25*o, -16 = -3*n - 4*o. Let z(i) = -i - 20. Give z(n).
-20
Let c(f) = 70*f - 9. Let j(t) = 17*t - 1. Let o(h) = c(h) - 4*j(h). Calculate o(3).
1
Let d be (-15)/(-9)*-9 - -10. Let i(j) = -j**2 - 2*j + 1. What is i(d)?
-14
Let t(b) = -b**2 - b - 2. Suppose 156 + 44 = 5*o. Let l = -5 + o. Let j be (4/5)/((-7)/l). What is t(j)?
-14
Let x(k) be the second derivative of -k**4/12 + 3*k**3/2 - 6*k**2 + 225*k. Calculate x(7).
2
Suppose l = -0*c + 5*c + 6, 4 = -2*c. Let w(v) = 10*v + 1. Calculate w(l).
-39
Let f(v) = v + 7. Suppose 2*j + 3*u = 20, 2*j - 2 - 2 = u. Let n = -4 + j. Give f(n).
7
Let i be (-4)/(-3) - 4/(-6). Let p(n) = 13*n + 3*n - 3*n - 4*n - 1. What is p(i)?
17
Let m(x) = x**2 + 2*x - 4. Let d(q) = -q**2 - 10*q + 206. Let h be d(-20). Determine m(h).
44
Let g(t) be the first derivative of -16*t + 1/2*t**2 - 38. Determine g(11).
-5
Let k(y) = 26 + y + 24 - 49. Let x = 6 + -7. Let r = -5 - x. Give k(r).
-3
Let h(v) = -8*v**3 - v**2 + v. Suppose -4*t = 12 - 20. Suppose -4*p = 2 + 6, 2*f - 2*p = 6. Let d = t - f. Determine h(d).
-8
Let a(l) = -l**3 + 4*l**2 + l + 1. Let x be (0 + 16/12)*3. Suppose -p + k = -6*p + x, -5*k = 4*p - 20. Suppose 2*b - 2 - 6 = p. Determine a(b).
5
Let r(z) = z**2 - z + 6. Suppose 3*k - 7*k = -12. Let y be k/2*(-4)/(-2). Suppose 0 = -y*o + 6*o. What is r(o)?
6
Suppose -6*b = -10*b + 12, 27 = 3*m - 2*b. Let k(w) = w - m - 2 + 4. Calculate k(11).
2
Let j = 1 + -7. Let m(t) = 12*t + 2 - 3 + 4 - 32*t**2 - 16*t + 31*t**2. What is m(j)?
-9
Let k(i) = 2*i**2 + i**3 - i + 2*i**2 + 2*i. Suppose l + 28 = 76. Let y = -51 + l. What is k(y)?
6
Suppose 20 = -52*w + 56*w. Let z(p) = w*p**2 + 9*p**2 - 13*p**2 + 6*p. Give z(-5).
-5
Let n = -235 + 196. Let q be (-3)/(-6) + (-5)/(-2). Let y be (q/2)/(n/(-52)). Let d(r) = -r**2 + 1. Determine d(y).
-3
Let m(i) = -12*i + 18*i - 7*i + 5 - 3*i. Determine m(2).
-3
Let h(u) = u**3 + 3*u**2 + 2. Suppose 0 = -19*a + 24*a. Suppose 3*b + j - 1 = a, 3*b + 1 = -b + j. Suppose -5*z - 10 = -b*z. Give h(z).
6
Let b = -70 - -236. Let i = -168 + b. Let o(m) = -3*m + 2. Calculate o(i).
8
Let d be (0/(-1))/2*1. Suppose -u = -d*u + 2. Let w(o) = -o + 1. Let h be w(u). Let c(k) = k**3 - 4*k**2 - k + 3. Determine c(h).
-9
Let t(p) be the third derivative of -2/3*p**3 + 1/8*p**4 + 7*p**2 + 0 - 1/10*p**5 + 1/120*p**6 + 0*p. What is t(6)?
14
Let c(b) = b**3 - 6*b**2 + 3*b + 2. Suppose -111 = 3*d - 15. Let g = d - -35. Determine c(g).
-16
Let k be ((-48)/30)/(4/(-50)) + 0. Let z = -25 + k. Let b(j) = j**3 + 4*j**2 - 2*j. What is b(z)?
-15
Let n(s) = s**2 - 2*s + 1. Suppose -16*y - 36 = -28*y. Calculate n(y).
4
Let u(h) be the third derivative of -1/120*h**6 + 1/15*h**5 + 1/24*h**4 + 0 + 1/3*h**3 + 0*h + 6*h**2. Determine u(4).
6
Let n(t) = -t**2 - 6*t - 1. Let i(u) = -u**2 - 10*u - 13. Suppose -4*w - 9 = 27. Let d be i(w). What is n(d)?
7
Let r(s) = -s + 4. Let h be r(3). Let f be 7/2 + h/(-2). Let a(v) = 5 - 1 - f + 0 + 2*v. What is a(3)?
7
Let c(f) = f**3 - 14*f**2 + 12*f + 15. Let t be c(13). Let n(b) = -2*b + b**t - 1 - b + 0*b + 2*b. Let m(v) = v**2 + 5*v - 1. Let x be m(-5). Determine n(x).
1
Let q(d) be the third derivative of d**4/8 - 7*d**3/6 + 193*d**2. Give q(-9).
-34
Let z(l) = -12*l**3 + 14 + 26*l - 13 + 27*l - 51*l. Suppose 4*v - 4*n + 29 = n, -2*v + 18 = 4*n. Calculate z(v).
11
Let s = -12 - -17. Suppose z + z - 22 = -4*q, 0 = q - s. Let b be (z + 3 - 3)*7. Let j(h) = h**2 - 6*h + 3. What is j(b)?
10
Let g(j) = 6*j - 12. Let m(r) = -2*r + 2. Let c(x) = g(x) + 4*m(x). Calculate c(4).
-12
Suppose -3*x + 2*l = -5, 5*x + 3*l = -0*x + 2. Let v be 60 + x - (10 + -9). Let a be (4/6)/((-8)/v). Let q(m) = -m**3 - 6*m**2 - 2*m + 2. Determine q(a).
-13
Suppose -3*c - j + 5*j = -36, -9 = 3*j. Let v(i) = i**2 - 8*i - 3. Determine v(c).
-3
Let y = 44 - 41. Let b(h) = h**y + 2*h + 29 - 9 + 9*h**2 + 6*h - 17. Calculate b(-8).
3
Let s(u) = -u**2 + 15 + 2841*u - u**2 + 0*u**2 - 2808*u. Give s(17).
-2
Let b be (-4)/14 - 132/(-21). Let a = b - 3. Let g(s) be the first derivative of -s**3/3 + 3*s**2/2 + s - 2. Determine g(a).
1
Let z(d) = d**3 - 8*d**2 + 10*d + 9. Let a(h) = -3*h**3 + 17*h**2 - 20*h - 18. Let k(q) = -2*a(q) - 5*z(q). What is k(-6)?
51
Let p(z) be the third derivative of z**5/40 - z**4/24 + 3*z**3/2 - 25*z**2. Let i(g) be the first derivative of p(g). What is i(3)?
8
Let m(t) = 7*t**2 + 3*t - 9. Let y(u) = 11*u**2 + 4*u - 14. Let h(l) = 8*m(l) - 5*y(l). Let a(x) = -x**3 - 6*x**2 - 6. Let b be a(-6). What is h(b)?
10
Let b(v) be the third derivative of v**6/120 - v**5/30 - v**4/6 + v**3/2 + 90*v**2 - 3. Determine b(2).
-5
Let w(l) = -4*l + 0*l + 4 - 6 + 0*l. Determine w(9).
-38
Let k(x) = 3*x**2 + x - 2. Let r be k(1). Suppose -2*c - r*p + 8 = 0, p = 3*c + 3*p - 13. Let j(z) = z**2 - 6*z + 1. Determine j(c).
-4
Let a(r) = -r**3 - 9*r**2 + 9*r. Let h(q) = -2*q**2 + 44*q - 52. Let n be h(21). What is a(n)?
10
Let v(r) = 2*r - 318 - 11*r - r**2 + 307. Determine v(-8).
-3
Suppose 4*q + 8 = -5*u + 12, -4*q = 4*u. Let d(v) = -5*v - 2. Let y(m) = 4*m + 2. Let n(f) = -5*d(f) - 6*y(f). Give n(u).
2
Let r be (0/(-2))/((-4)/(-2)). Let z(j) = -3*j - 4. Let t be z(-2). Let h(k) = 6 - 2*k**2 + 3 + 3*k**t - 4. Calculate h(r).
5
Let w be (-66)/(-231) - 27/21. Let v(y) = 14*y + 7. What is v(w)?
-7
Let u(j) be the second derivative of -j**3/6 - 9*j**2/2 + 105*j. Calculate u(-15).
6
Let n(p) = -p**2 + 8*p - 8. Suppose 0 = 8*u - 4*u - 16. Let h be 4 + (-11)/(-4) + 1/u. Calculate n(h).
-1
Let d(v) = -18 - 2*v**2 + 4 - v + v**2 + 13. Let p(b) = b + 5. Suppose 2*n = 4*n + 12. Let k be p(n). Determine d(k).
-1
Let q(n) = 5 + 4 - 17 - 6 - n**2 - 12*n. Determine q(-10).
6
Let c(o) be the second derivative of -o**4/12 - o**3/2 + 3*o**2 - 123*o. Give c(6).
-48
Let g(z) be the second derivative of z**4/12 - z**3/3 - 3*z**2/2 - 7*z + 4. Determine g(2).
-3
Let u(s) be the third derivative of -1/6*s**3 + 37*s**2 - 1/120*s**6 - 1/15*s**5 + 0*s + 0*s**4 + 0. Give u(-3).
-10
Let x(l) = l**3 - l**2 - 3*l - 4. Let g = -64 - -82. Suppose 6*n = n - 5*w + 5, 4*n - 3*w - g = 0. Calculate x(n).
5
Let l(w) = 11*w**2 - 13*w - 5. Let m(u) = -5*u**2 + 6*u + 2. Suppose 2*z - 18 = 3*a, -9 = -z + 2*a + 3*a. Let k(v) = z*m(v) + 4*l(v). Give k(2).
-2
Let m(f) = -3*f**2 + 6. Let r be (-13 + 11)*(-5)/(-5). Calculate m(r).
-6
Let b(k) = -10*k**2 + k. Let y(a) = a**2. Let o be y(1). What is b(o)?
-9
Let g be (62/8)/(2/8). Let y = g - 22. Let n(t) = -t + y + 1 - 3. What is n(0)?
7
Let w = 264 - 267. Let p be 0*(-1)/4*2. Let r(t) = -9*t**2 + p + 5*t + 4 + 10*t**2. Determine r(w).
-2
Let y(q) be the third derivative of q**5/60 - q**4/24 - 7*q**3/6 - 2*q**2. Suppose -25*c + 10 = 10. Calculate y(c).
-7
Let d = 29 + -29. Let f(h) = h**3 - h**3 + d*h**2 + h**3 - 3 + h - 3*h**2. Calculate f(3).
0
Let o(y) = 24*y**3 + 39*y**2 - 16*y - 100. Let a(f) = -11*f**3 - 19*f**2 + 8*f + 50. Let t(k) = -13*a(k) - 6*o(k). Give t(12).
-2
Let g be (-3)/(-5) - 14*(-33)/30. Suppose 4 = 3*d + 2*a + 24, 0 = -5*d + a - g. Let n(r) = 3*r - r**2 - 3 - 1 + 2*r**2. Determine n(d).
0
Suppose -3*s = 8*s - 319. Let b(a) = -17 + s - a**3 + a - a**2 - 14. Let h be (-3)/(-2)*4/(-3). Calculate b(h).
0
Let g be 2/3*6 - -13. Suppose 23 = 3*b - 13. Let m = b - g. Let y(s) = -s**2 - 5*s + 3. Determine y(m).
